{"id":3129,"date":"2020-09-18T19:59:54","date_gmt":"2020-09-18T22:59:54","guid":{"rendered":"http:\/\/www.agiamagallanes.cl\/expovirtual\/product\/aritos-runicos\/"},"modified":"2020-09-18T20:03:37","modified_gmt":"2020-09-18T23:03:37","slug":"aritos-runicos","status":"publish","type":"product","link":"http:\/\/www.agiamagallanes.cl\/expovirtual\/product\/aritos-runicos\/","title":{"rendered":"Aritos r\u00fanicos"},"content":{"rendered":"<p><span style=\"text-align: start\">Aritos con dise\u00f1o r\u00fanico. Runa de la protecci\u00f3n, runa del amor,10 Talismames r\u00fanicos diferentes. Aro con gancho de acero quir\u00fargico, antial\u00e9rgico, incluye tapones de silicona.<\/span><\/p>\n","protected":false},"excerpt":{"rendered":"<p>Aritos con dise\u00f1o r\u00fanico. Runa de la protecci\u00f3n, runa del amor,10 Talismames r\u00fanicos diferentes. Aro con gancho de acero quir\u00fargico, antial\u00e9rgico, incluye tapones de silicona.<\/p>\n","protected":false},"featured_media":3126,"comment_status":"open","ping_status":"closed","template":"","meta":[],"_links":{"self":[{"href":"http:\/\/www.agiamagallanes.cl\/expovirtual\/wp-json\/wp\/v2\/product\/3129"}],"collection":[{"href":"http:\/\/www.agiamagallanes.cl\/expovirtual\/wp-json\/wp\/v2\/product"}],"about":[{"href":"http:\/\/www.agiamagallanes.cl\/expovirtual\/wp-json\/wp\/v2\/types\/product"}],"replies":[{"embeddable":true,"href":"http:\/\/www.agiamagallanes.cl\/expovirtual\/wp-json\/wp\/v2\/comments?post=3129"}],"wp:featuredmedia":[{"embeddable":true,"href":"http:\/\/www.agiamagallanes.cl\/expovirtual\/wp-json\/wp\/v2\/media\/3126"}],"wp:attachment":[{"href":"http:\/\/www.agiamagallanes.cl\/expovirtual\/wp-json\/wp\/v2\/media?parent=3129"}],"curies":[{"name":"wp","href":"https:\/\/api.w.org\/{rel}","templated":true}]}}